{"id":1309,"date":"2021-02-17T18:00:22","date_gmt":"2021-02-17T18:00:22","guid":{"rendered":"https:\/\/shop.himostrail.fi\/?post_type=product&#038;p=1309"},"modified":"2026-04-02T11:54:08","modified_gmt":"2026-04-02T11:54:08","slug":"himos-trail-2021-challenge","status":"publish","type":"product","link":"https:\/\/shop.himostrail.fi\/index.php\/tuote\/himos-trail-2021-challenge\/","title":{"rendered":"Himos Trail 2026 &#8211; Challenge"},"content":{"rendered":"<h1>Himos Challenge 16km<\/h1>\n<p><strong>\u2013\u00a0Itsens\u00e4 haastajille \u2013<\/strong><\/p>\n<p><img loading=\"lazy\" class=\"alignnone size-large wp-image-12746\" src=\"https:\/\/shop.himostrail.fi\/wp-content\/uploads\/2021\/02\/WhatsApp-Image-2026-02-09-at-14.03.22-1024x291.jpeg\" alt=\"\" width=\"1024\" height=\"291\" srcset=\"https:\/\/shop.himostrail.fi\/wp-content\/uploads\/2021\/02\/WhatsApp-Image-2026-02-09-at-14.03.22-1024x291.jpeg 1024w, https:\/\/shop.himostrail.fi\/wp-content\/uploads\/2021\/02\/WhatsApp-Image-2026-02-09-at-14.03.22-300x85.jpeg 300w, https:\/\/shop.himostrail.fi\/wp-content\/uploads\/2021\/02\/WhatsApp-Image-2026-02-09-at-14.03.22-768x218.jpeg 768w, https:\/\/shop.himostrail.fi\/wp-content\/uploads\/2021\/02\/WhatsApp-Image-2026-02-09-at-14.03.22-200x57.jpeg 200w, https:\/\/shop.himostrail.fi\/wp-content\/uploads\/2021\/02\/WhatsApp-Image-2026-02-09-at-14.03.22-400x114.jpeg 400w, https:\/\/shop.himostrail.fi\/wp-content\/uploads\/2021\/02\/WhatsApp-Image-2026-02-09-at-14.03.22.jpeg 1237w\" sizes=\"(max-width: 1024px) 100vw, 1024px\" \/><\/p>\n<p>Himos Challenge tarjoaa aiempiin vuosiin n\u00e4hden selv\u00e4sti helpomman reittiprofiilin, mutta haasteita korkeuserojen muodossa edelleen riitt\u00e4\u00e4. T\u00e4m\u00e4 polkuseikkailu pit\u00e4\u00e4 samalla sis\u00e4ll\u00e4\u00e4n kolme Himoksen mehevint\u00e4 helme\u00e4: Kivij\u00e4rven, Paljakan ja Sammalsuon. Uusi kiertosuunta yll\u00e4tt\u00e4\u00e4 positiivisesti jopa Himos-konkarin!<\/p>\n<p>&nbsp;<\/p>\n<h2><strong>MIT\u00c4 OSANOTTOMAKSU EI SIS\u00c4LL\u00c4<\/strong><\/h2>\n<p>&#8211; Osanottomaksu ei sis\u00e4ll\u00e4 vakuutusta kilpailijoille. Jokainen kilpailija huolehtii omasta vakuutusturvastaan itsen\u00e4isesti.<\/p>\n","protected":false},"excerpt":{"rendered":"<p>Himos Challenge 16km \u2013\u00a0Itsens\u00e4 haastajille \u2013 Himos Challenge tarjoaa aiempiin vuosiin n\u00e4hden selv\u00e4sti helpomman reittiprofiilin, mutta haasteita korkeuserojen muodossa edelleen riitt\u00e4\u00e4. T\u00e4m\u00e4 polkuseikkailu pit\u00e4\u00e4 samalla sis\u00e4ll\u00e4\u00e4n kolme Himoksen mehevint\u00e4 helme\u00e4: Kivij\u00e4rven, Paljakan ja Sammalsuon. Uusi kiertosuunta yll\u00e4tt\u00e4\u00e4 positiivisesti jopa Himos-konkarin! &nbsp; MIT\u00c4 OSANOTTOMAKSU EI SIS\u00c4LL\u00c4 &#8211; Osanottomaksu ei sis\u00e4ll\u00e4 vakuutusta kilpailijoille. Jokainen kilpailija huolehtii omasta&hellip;&nbsp;<a href=\"https:\/\/shop.himostrail.fi\/index.php\/tuote\/himos-trail-2021-challenge\/\" class=\"\" rel=\"bookmark\">Lue lis\u00e4\u00e4 &raquo;<span class=\"screen-reader-text\">Himos Trail 2026 &#8211; Challenge<\/span><\/a><\/p>\n","protected":false},"featured_media":12744,"template":"","meta":{"neve_meta_sidebar":"","neve_meta_container":"","neve_meta_enable_content_width":"off","neve_meta_content_width":0,"neve_meta_title_alignment":"","neve_meta_author_avatar":"","neve_post_elements_order":"","neve_meta_disable_header":"","neve_meta_disable_footer":"","neve_meta_disable_title":""},"_links":{"self":[{"href":"https:\/\/shop.himostrail.fi\/index.php\/wp-json\/wp\/v2\/product\/1309"}],"collection":[{"href":"https:\/\/shop.himostrail.fi\/index.php\/wp-json\/wp\/v2\/product"}],"about":[{"href":"https:\/\/shop.himostrail.fi\/index.php\/wp-json\/wp\/v2\/types\/product"}],"wp:featuredmedia":[{"embeddable":true,"href":"https:\/\/shop.himostrail.fi\/index.php\/wp-json\/wp\/v2\/media\/12744"}],"wp:attachment":[{"href":"https:\/\/shop.himostrail.fi\/index.php\/wp-json\/wp\/v2\/media?parent=1309"}],"curies":[{"name":"wp","href":"https:\/\/api.w.org\/{rel}","templated":true}]}}